YEARLY CLIMATOLOGICAL SUMMARY for Aug 2017

NAME:    CITY:  STATE: 
ELEV:  LAT:  LONG: 

                            TEMPERATURE ( C), RAIN (mm), WIND SPEED (m/s)

                                                 HEAT     COOL           AVG
      MEAN                                       DEG      DEG            WIND                        DOM
MTH   TEMP    HIGH   TIME      LOW     TIME      DAYS     DAYS   RAIN    SPEED    HIGH    TIME       DIR
----------------------------------------------------------------------------------------------------------------------------------------------------------
01   -07.0    01.0   05:50   -07.8   05:35    0784.3    0000.0    166.2    00.1     11.8    23:59      N 
02   -05.7    00.8   14:49   -07.3   10:18    0650.7    0000.0    108.7    00.0     07.7    14:51      N 
03    00.1    07.3   11:43   -05.9   10:20    0564.6    0000.0    100.7    01.0     17.5    23:58      N 
04    01.1    08.8   18:25   -06.4   07:26    0499.9    0000.0    50.2    01.4     15.4    13:55      E 
05    04.2    11.8   19:35   -03.1   10:37    0438.2    0000.0    38.8    01.3     12.9    23:55      SE
06    10.6    24.9   15:48    01.8   01:57    0226.3    0000.0    15.0    00.9     09.8    20:36     ENE
07    11.9    22.9   17:06    05.2   03:18    0197.7    0000.0    57.2    00.6     11.3    23:59     ENE
08    11.5    21.6   17:19    05.2   03:59    0211.0    0000.0    73.2    00.8     13.4    23:54      E 
----------------------------------------------------------------------------------------------------------------------------------------------------------
      03.4    24.9            -7.8            3572.6     000.0   610.0     0.8     17.5               E 

Max >=  32.0: 0
Max <=   0.0: 63
Min <=   0.0: 240
Min <= -18.0: 0
Max >=  32.0: 0
Max <=   0.0: 63
Min <=   0.0: 240
Min <= -18.0: 0
Max <=  -5.0: 45
Min <=  -5.0: 59
Max <= -10.0: 0
Min <= -10.0: 0
Max <= -15.0: 0
Min <= -15.0: 0
Max <= -20.0: 0
Min <= -20.0: 0
Max <= -25.0: 0
Min <= -25.0: 0
Max Rain: 8.2 ON 31-01-17
Days of Rain: 85 (> .2mm) 38 (> 2mm) 1 (> 20mm)