YEARLY CLIMATOLOGICAL SUMMARY for Dec 2020

NAME:    CITY:  STATE: 
ELEV:  LAT:  LONG: 

                            TEMPERATURE ( C), RAIN (mm), WIND SPEED (m/s)

                                                 HEAT     COOL           AVG
      MEAN                                       DEG      DEG            WIND                        DOM
MTH   TEMP    HIGH   TIME      LOW     TIME      DAYS     DAYS   RAIN    SPEED    HIGH    TIME       DIR
----------------------------------------------------------------------------------------------------------------------------------------------------------
01   -00.2    09.9   08:09   -10.8   02:12    0573.8    0000.0    101.4    03.1     23.7    23:54      S 
02   -00.5    06.1   01:47   -07.3   05:15    0544.7    0000.0    40.6    02.9     32.9    23:55     SSW
03   -00.8    06.9   02:30   -07.6   08:41    0591.1    0000.0    78.4    03.2     25.2    23:57     SSW
04    00.8    08.1   13:24   -09.1   04:20    0524.3    0000.0    59.4    02.1     41.2    23:59     SSW
05    05.0    17.4   16:30   -01.4   16:46    0412.4    0000.0    62.4    02.0     21.1    23:51     SSW
06    10.9    23.8   17:56    04.3   03:36    0221.5    0000.0    24.4    01.0     10.8    23:58     SSW
07    13.3    28.0   16:21    05.8   03:01    0159.5    0005.3    59.4    00.7     11.8    23:54     SSW
08    11.6    23.3   14:02    05.1   06:02    0208.9    0000.0    133.6    00.9     14.4    23:57     SSW
09    07.2    15.2   15:36    00.7   07:00    0087.5    0000.0    145.4    01.0     18.0    23:59     SSW
10    04.8    16.1   14:17   -03.5   02:07    0404.2    0000.0    51.0    00.7     14.9    03:10     SSW
11    04.0    11.9   10:56   -03.6   08:03    0430.6    0000.0    64.6    02.2     18.0    23:51     SSW
12    00.5    09.0   05:12   -06.1   04:19    0551.3    0000.0    16.4    00.9     18.0    23:55      S 
----------------------------------------------------------------------------------------------------------------------------------------------------------
      04.6    28.0            -10.8            4709.8     005.3   837.0     1.8     41.2               S 

Max >=  32.0: 0
Max <=   0.0: 36
Min <=   0.0: 343
Min <= -18.0: 0
Max >=  32.0: 0
Max <=   0.0: 36
Min <=   0.0: 343
Min <= -18.0: 0
Max <=  -5.0: 2
Min <=  -5.0: 33
Max <= -10.0: 0
Min <= -10.0: 2
Max <= -15.0: 0
Min <= -15.0: 0
Max <= -20.0: 0
Min <= -20.0: 0
Max <= -25.0: 0
Min <= -25.0: 0
Max Rain: 0.0 ON 31-01-21
Days of Rain: 194 (> .2mm) 95 (> 2mm) 1 (> 20mm)