YEARLY CLIMATOLOGICAL SUMMARY for Oct 2022

NAME:    CITY:  STATE: 
ELEV:  LAT:  LONG: 

                            TEMPERATURE ( C), RAIN (mm), WIND SPEED (m/s)

                                                 HEAT     COOL           AVG
      MEAN                                       DEG      DEG            WIND                        DOM
MTH   TEMP    HIGH   TIME      LOW     TIME      DAYS     DAYS   RAIN    SPEED    HIGH    TIME       DIR
----------------------------------------------------------------------------------------------------------------------------------------------------------
01   -02.0    08.4   19:14   -08.8   08:57    0628.5    0000.0    117.0    01.6     22.6    23:52     SSW
02   -03.5    07.6   14:23   -10.9   07:35    0596.1    0000.0    37.8    01.5     25.2    00:36      S 
03    01.8    10.2   00:58   -07.3   06:16    0511.7    0000.0    64.6    01.6     17.5    23:59      S 
04    01.7    13.0   13:18   -08.1   04:51    0477.9    0000.0    64.8    01.1     12.4    17:30      S 
05    06.8    22.4   15:11   -01.3   00:59    0358.1    0000.0    43.6    00.9     14.9    23:59      S 
06    11.9    31.4   14:47    04.7   11:16    0199.8    0011.5    18.8    00.8     14.9    04:19     SSW
07    13.7    30.6   19:09    06.9   01:51    0149.9    0004.2    130.8    00.4     11.8    23:59     SSW
08    12.7    23.9   14:43    05.8   03:35    0173.7    0000.0    103.0    00.9     15.4    23:54     SSW
09    08.8    15.6   03:43    01.9   23:59    0272.5    0000.0    16.6    00.6     11.8    00:16     SSW
10    04.8    11.8   15:05   -02.5   05:03    0417.2    0000.0    103.6    01.1     16.0    23:57     SSW
----------------------------------------------------------------------------------------------------------------------------------------------------------
      05.7    31.4            -10.9            3785.2     015.7   700.6     1.1     25.2              SSW

Max >=  32.0: 2
Max <=   0.0: 48
Min <=   0.0: 300
Min <= -18.0: 0
Max >=  32.0: 2
Max <=   0.0: 48
Min <=   0.0: 300
Min <= -18.0: 0
Max <=  -5.0: 5
Min <=  -5.0: 40
Max <= -10.0: 0
Min <= -10.0: 2
Max <= -15.0: 0
Min <= -15.0: 0
Max <= -20.0: 0
Min <= -20.0: 0
Max <= -25.0: 0
Min <= -25.0: 0
Max Rain: 2.4 ON 31-01-22
Days of Rain: 165 (> .2mm) 84 (> 2mm) 4 (> 20mm)