YEARLY CLIMATOLOGICAL SUMMARY for Aug 2019

NAME:    CITY:  STATE: 
ELEV:  LAT:  LONG: 

                            TEMPERATURE ( C), RAIN (mm), WIND SPEED (m/s)

                                                 HEAT     COOL           AVG
      MEAN                                       DEG      DEG            WIND                        DOM
MTH   TEMP    HIGH   TIME      LOW     TIME      DAYS     DAYS   RAIN    SPEED    HIGH    TIME       DIR
----------------------------------------------------------------------------------------------------------------------------------------------------------
01   -03.8    06.9   13:50   -14.8   08:08    0686.3    0000.0    74.6    01.5     18.0    23:59      S 
02   -02.5    07.9   02:09   -11.6   06:04    0559.8    0000.0    100.4    01.7     16.5    00:14      S 
03   -02.1    06.4   02:57   -11.2   06:26    0632.1    0000.0    77.2    02.5     18.0    23:53      S 
04    03.3    15.8   16:13   -06.6   04:01    0466.9    0000.0    50.6    01.7     12.9    10:24      S 
05    06.0    17.8   16:59   -02.8   02:11    0378.9    0000.0    38.6    01.6     13.4    23:58      S 
06    09.2    19.1   11:52    03.2   08:53    0263.5    0000.0    74.4    01.2     11.3    13:22      S 
07    12.7    24.6   16:38    05.9   03:30    0176.0    0000.0    25.2    00.9     12.4    23:59      S 
08    12.0    21.8   14:51    04.9   03:09    0194.8    0000.0    46.8    00.5     10.8    23:59      S 
----------------------------------------------------------------------------------------------------------------------------------------------------------
      04.4    24.6            -14.8            3358.4     000.0   487.8     1.4     18.0               S 

Max >=  32.0: 0
Max <=   0.0: 50
Min <=   0.0: 242
Min <= -18.0: 0
Max >=  32.0: 0
Max <=   0.0: 50
Min <=   0.0: 242
Min <= -18.0: 0
Max <=  -5.0: 8
Min <=  -5.0: 52
Max <= -10.0: 0
Min <= -10.0: 12
Max <= -15.0: 0
Min <= -15.0: 0
Max <= -20.0: 0
Min <= -20.0: 0
Max <= -25.0: 0
Min <= -25.0: 0
Max Rain: 1.8 ON 31-01-19
Days of Rain: 124 (> .2mm) 58 (> 2mm) 2 (> 20mm)