YEARLY CLIMATOLOGICAL SUMMARY for Sep 2018

NAME:    CITY:  STATE: 
ELEV:  LAT:  LONG: 

                            TEMPERATURE ( C), RAIN (mm), WIND SPEED (m/s)

                                                 HEAT     COOL           AVG
      MEAN                                       DEG      DEG            WIND                        DOM
MTH   TEMP    HIGH   TIME      LOW     TIME      DAYS     DAYS   RAIN    SPEED    HIGH    TIME       DIR
----------------------------------------------------------------------------------------------------------------------------------------------------------
01   -03.6    05.7   04:51   -09.8   08:33    0655.4    0000.0    00.0    01.3     16.5    23:55     SSE
02   -04.4    07.2   22:04   -11.2   05:05    0617.6    0000.0    01.0    01.4     14.9    17:02     SSE
03   -04.2    01.8   00:00   -09.1   01:00    2828.7    0000.0    00.0    01.0     08.7    00:00     SSE
04    02.5    10.4   17:31   -06.7   06:00    0472.7    0000.0    56.2    00.8     12.4    23:59     SSE
05    08.1    22.8   17:55   -00.6   05:00    0303.9    0000.0    24.0    01.6     17.5    23:47      S 
06    06.9    17.2   15:54    00.0   05:00    0323.3    0000.0    79.4    01.2     18.0    23:57      S 
07    11.6    27.8   15:28    00.0   23:57    0190.2    0000.0    18.8    00.4     12.9    18:16      S 
08    11.6    21.1   16:20    00.0   16:55    0163.9    0003.2    72.0    00.7     14.9    00:50      S 
09    06.6    15.9   15:48    00.0   12:19    0150.8    0000.0    89.7    01.5     14.4    23:59      S 
----------------------------------------------------------------------------------------------------------------------------------------------------------
      04.8    27.8            -11.2            5706.5     003.2   341.1     1.1     18.0               S 

Max >=  32.0: 0
Max <=   0.0: 153
Min <=   0.0: 338
Min <= -18.0: 0
Max >=  32.0: 0
Max <=   0.0: 153
Min <=   0.0: 338
Min <= -18.0: 0
Max <=  -5.0: 50
Min <=  -5.0: 88
Max <= -10.0: 0
Min <= -10.0: 4
Max <= -15.0: 0
Min <= -15.0: 0
Max <= -20.0: 0
Min <= -20.0: 0
Max <= -25.0: 0
Min <= -25.0: 0
Max Rain: 0.0 ON 30-01-18
Days of Rain: 102 (> .2mm) 41 (> 2mm) 1 (> 20mm)